e number?
False
Suppose -3*j - 530 = 5*f - 0, -f - 718 = 4*j. Is 2/(-9) - 1663060/j prime?
True
Suppose 0 = -8*g - 1394 + 6298. Suppose 4*v - 3*i - 1199 = 0, -6*i + g = 2*v - 3*i. Let y = v + -119. Is y a prime number?
False
Let n be (-1 + 4/6)/(15/45). Let m(k) = 4*k**2 + 2. Let w be m(n). Is (w/(-72)*4)/(2/(-762)) composite?
False
Let g(o) = 31*o**3 + 14*o**2 - 99*o + 25. Is g(9) a prime number?
False
Suppose 88*m + 51634 = 90*m. Let n = -15376 + m. Is n a composite number?
True
Let u(p) = 5253*p**2 - 4*p + 2. Let i be u(-4). Suppose 24662 = -4*v + i. Is v prime?
True
Let o(d) = 977*d - 9. Let j(c) = c**3 + 9*c**2 + 10*c + 19. Let i be j(-8). Suppose -5*x - 14 = -3*p - 39, p = -x - i. Is o(x) a prime number?
False
Suppose 2*w + 2*w = 20. Let a be 19288/6 - (-6)/90*w. Let j = a + -2154. Is j a composite number?
False
Suppose 0 = 9*o - 12*o - 150. Let y = -53 - o. Is 443*(4 - (6 + y)) a composite number?
False
Let y(f) = 604*f - 115. Let q(d) = -1209*d + 230. Let c(w) = -3*q(w) - 5*y(w). Is c(34) composite?
True
Is ((-2729700)/60 + (-7)/1)*46/(-4) a composite number?
True
Suppose -2*l + 3 = -1. Let g(d) = 8*d - 2 - 2*d + 23 - l*d**2 + d**3 - 7*d. Is g(11) composite?
True
Suppose -3*w + 2*g = -14455, -5*w + g - 4621 = -28708. Let n = w + 894. Is n composite?
False
Let w = -44597 - -80406. Suppose -2*i = -0*i + 2*j + 14322, -5*i = j + w. Let h = -3221 - i. Is h a composite number?
True
Suppose -68 = 3*l - 4*f, -4*l - l - f = 75. Let y(g) = 3*g - 15. Let h be y(-8). Let p = l - h. Is p composite?
False
Let r(c) = -4*c**2 + 10*c - 15. Let n be r(9). Suppose -13292 + 5092 = 4*d. Let v = n - d. Is v a composite number?
False
Is (-492602500)/(-506) + ((-1)/22)/(20/(-120)) a composite number?
False
Let f(c) = -c**2 + 4*c + 10. Let z be f(5). Suppose z*b - 35927 = -3*i - i, -5*i = 3*b - 21551. Is b a prime number?
True
Let n = 3426 + 41881. Is n prime?
True
Let v = 76 + -47. Let f = v + -28. Suppose -3*i + 281 = -f. Is i a prime number?
False
Let m be (-21)/(-1)*(-484)/(-231)*(-3)/(-2). Let b be -3 + 2 + -1 + 46. Is (-2 - 3110/(-4))*b/m a composite number?
True
Is (-4 - (-31097)/44)/(3/124) a prime number?
False
Let c = 1775156 + -1091737. Is c prime?
False
Let n(l) = -288*l - 67. Suppose 5*q = 2*z + 57, -81 = 4*z - 6*q + 7*q. Is n(z) composite?
False
Let k(c) = c**2 - 8*c + 21. Let u be k(-9). Let r = u + -18. Suppose -r = -2*f + 266. Is f a prime number?
True
Suppose -2 = -2*b - q, -3*b + 3 = -0*q - 2*q. Is (-7 - b) + 7 + 4194 prime?
False
Is (-75)/45*-78594 + 13 a prime number?
False
Is 5/45 - (-22799952)/81 composite?
True
Let m(j) = 17*j**2 - 6*j - 11. Let r be (7/((-42)/30))/((-2)/4). Let w be m(r). Suppose 0*i - 1643 = -o + 2*i, -o - 5*i = -w. Is o a prime number?
False
Let y = 10350 - -143393. Is y prime?
True
Let m be (12/7)/3*14/2. Is ((-4)/6)/(m/(-42546)) + 3 prime?
False
Let k(v) = -45756*v**2 + v + 13643 - 3*v + 45757*v**2. Is k(0) prime?
False
Suppose -5*a - 3*j - 1216 = -0*j, a + 5*j = -252. Is 4/(-22) + (-401280)/a prime?
False
Let f(s) = -5*s**2 - 59*s + 16. Let g be f(-12). Suppose -g*u = -14116 + 4680. Is u a prime number?
False
Suppose 4*q = 3*c + 3, -5*q - 37 = -52. Is -907*(-6 + 2 + c) a composite number?
False
Suppose 0 = -2*c + 580*q - 578*q + 1985972, c + q - 992988 = 0. Is c prime?
False
Let l(y) = 2*y**2 + y + 77. Let z = -20 + 24. Let o be z/(-20) + 1/5. Is l(o) composite?
True
Suppose 0 = 11*p - 9*p - k - 213875, -5*k + 534680 = 5*p. Is p composite?
False
Let v(x) = 17*x**2 - 14*x - 183. Let h(o) = 4*o**2 - 3*o - 47. Let k(g) = 9*h(g) - 2*v(g). Let w = -9 - 13. Is k(w) prime?
False
Let l(p) = -p**2 + 39*p - 70. Let x be l(37). Suppose -1266 = -x*r - 398. Is r a prime number?
False
Let j(y) = y**2 - 11*y + 15. Let d be j(9). Let w be (-15981)/d + (7 - 8). Let h = -2943 + w. Is h prime?
True
Let y = -7149 + 31300. Is y a composite number?
False
Let o(q) = -9671*q - 11522. Is o(-11) prime?
False
Suppose -38 = -4*c + 3*z + 2, -14 = -2*c + 3*z. Suppose 5*g + 7 = -c. Is (g/8)/(3/(-114)) a prime number?
True
Suppose -110*k + 176174 = -108*k. Suppose -3*b + 44818 = -5*n, 4*b + 3*n + 28320 = k. Is b composite?
True
Let s = -863 - -254. Let b = 2504 + -4406. Let l = s - b. Is l a composite number?
True
Suppose 0 = 2*p - 5*p + a + 50, -80 = -4*p - 2*a. Is (-8)/p - (544040/72)/(-7) composite?
True
Let i = -75 + 86. Suppose 5*m - 9 - i = 0. Is 662/4*(m + -2) a composite number?
False
Let q = -196 - -201. Suppose 0 = 2*t - 6*p + 2*p - 2318, -q*p = -5*t + 5790. Is t composite?
True
Suppose -13*m + 5*m + 630488 = -0*m. Is m a composite number?
True
Let g(c) = -964*c - 9297. Is g(-94) prime?
False
Suppose -4594 = 6*a - 2*a - 2*k, -5*a - 5753 = k. Let l = 1723 + -52. Let q = a + l. Is q prime?
True
Let b(m) be the first derivative of -7 - 179/2*m**2 + m. Is b(-2) a composite number?
False
Let c(i) = -4*i - 13. Let s be c(-4). Suppose k - s*k + 2252 = 5*q, -k - 1349 = -3*q. Suppose 0 = 5*v - 3*d - q + 163, 2*d + 228 = 4*v. Is v a composite number?
True
Let f(i) = -i**2 - i + 15. Suppose 3*s - 5*q + 4 = 2, -2*s - 16 = 4*q. Let k be f(s). Suppose k*c - 2177 = -671. Is c composite?
True
Let l(b) = 6*b**3 - 2*b**2 + 16*b - 25. Let z be l(4). Let w = 6 + z. Is w composite?
False
Let l(f) = -190*f - 13. Let b be 23/115 - (-71)/(-5). Let u be l(b). Suppose s - 3521 = -4*o, -3*o - s - s = -u. Is o composite?
True
Let f be 5/20 + 22/8. Let l(x) = 475*x - 20. Let h(p) = -p. Let q(k) = 2*h(k) + l(k). Is q(f) a composite number?
False
Let s(p) = 16 + 14*p + 15*p - 3*p**2 + 16*p + 2*p**2. Let z be s(-13). Let g = z + 1240. Is g a composite number?
True
Suppose 9 = -3*o + 2*h, 0 = -4*o + 5*h - 10*h - 35. Let c(a) be the third derivative of a**5/6 - a**4/12 - 3*a**3/2 - 724*a**2. Is c(o) prime?
True
Let b(o) = 1480*o**2 + 16*o - 27. Let d be b(5). Suppose 2*c + 4605 = 2*i - 10221, 5*i = -c + d. Is i a composite number?
False
Suppose 9*p + 4085065 = -11*c + 16*c, -4*c + 2*p + 3268052 = 0. Is c a composite number?
False
Let m(i) = -i**3 + 5*i**2 - 2*i - 3. Let c be m(4). Let b be 0 - (-15*2)/c. Suppose -10*n = -b*n - 3112. Is n composite?
True
Let q(b) = -83*b**3 + 8*b**2 + 10*b + 8. Let z be 91/(-14) - 2/((-8)/6). Is q(z) a composite number?
True
Suppose -8 = 25*w - 29*w. Suppose w*t - 28 = -4*h, t + 62 = 6*t + 2*h. Is t/(-36) + (-1690)/(-3) a composite number?
False
Let l(q) = q**2 + 17*q + 39. Let z be l(-15). Let y = z - 21. Is 2/((-8)/y) - -1303 a composite number?
True
Suppose 2*v - 1853626 = -2*g, -2*v = -9*g + 6242810 + 2098595. Is g a composite number?
True
Let g = 39 - 1. Let r = -34 + g. Suppose m = r*m - 381. Is m composite?
False
Let k be 3 + -3 + 15/5. Suppose 598 = s + x, k*x = 5*x + 6. Let c = s - -270. Is c a prime number?
False
Suppose 3*r - 4832895 = -3*u, -6443844 = -4*r - 233*u + 231*u. Is r a composite number?
False
Let o(b) = b - 2. Let j(m) = -305*m + 69. Let n(d) = j(d) + o(d). Is n(-31) a prime number?
True
Let i(m) = -22674*m + 181. Is i(-5) prime?
False
Let l(n) = 39*n**2 + 2*n + 1. Let k be l(-1). Suppose -s = 37 - k. Is s/((-3)/(-6543)) + (-2)/1 a composite number?
False
Suppose -19*p = 3*p + 16786. Let u = p - -9014. Is u a prime number?
False
Let r(q) = 5519*q**2 + 5*q + 5. Let a be (-1 - (-2 + 0))/(4 - 5). Is r(a) a composite number?
False
Let k = -12908 - -23989. Is k prime?
False
Suppose -18 = -4*g + 14. Suppose g*f - 3188 = 4*f. Is f prime?
True
Let i(o) be the second derivative of -37*o**5/10 + o**4/3 + 4*o**3/3 + 3*o**2/2 - 10*o. Let a = -136 - -132. Is i(a) composite?
True
Suppose -68777 = r + 43813. Is (-30)/(-285) + r/(-38) a composite number?
False
Let q be (201043 - -1) + -3 + 2. Let s(x) = -60*x - 773. Let b be s(-13). Is 2/b + q/161 a prime number?
True
Is (6 - -5) + -43 + 368805 a prime number?
True
Is (1 - 18/14) + -11 + 21486244/182 a prime number?
False
Let z(a) be the first derivative of -a**4/2 - 10*a**3/3 + 13*a**2 - 5*a - 16. Suppose -p + 4*y = 21, -3*p = y + 3*y + 15. Is z(p) prime?
True
Let u(v) = 33*v - 7. Suppose -23 = -2*x - 13. Suppose x*i = i + 32. Is u(i) a composite number?
False
Suppose -8*c = 177340 - 1314636. Is c a prime number?
False
Suppose -10*d = 5*n - 5*d - 3354775, 2*d = 7*d. Is n prime?
False
Let c(n) = 3*n - 9. Let g be c(3). Suppose -3 + 18 = j + 4*b, g = 3*j - 4*b + 3. Suppose 46